{"id":108,"date":"2012-01-17T16:24:24","date_gmt":"2012-01-17T16:24:24","guid":{"rendered":"http:\/\/tambouren.wordpress.com\/?page_id=108"},"modified":"2020-06-08T08:13:27","modified_gmt":"2020-06-08T08:13:27","slug":"kontakt","status":"publish","type":"page","link":"https:\/\/tambouren-ennetbuergen.ch\/?page_id=108","title":{"rendered":"Kontakt"},"content":{"rendered":"<p><a href=\"http:\/\/tambouren-ennetbuergen.ch\/wp-content\/uploads\/2018\/03\/PANO04.jpg\"><img decoding=\"async\" loading=\"lazy\" class=\"alignnone size-full wp-image-2286\" src=\"http:\/\/tambouren-ennetbuergen.ch\/wp-content\/uploads\/2018\/03\/PANO04.jpg\" alt=\"\" width=\"1999\" height=\"832\" srcset=\"https:\/\/tambouren-ennetbuergen.ch\/wp-content\/uploads\/2018\/03\/PANO04.jpg 1999w, https:\/\/tambouren-ennetbuergen.ch\/wp-content\/uploads\/2018\/03\/PANO04-300x125.jpg 300w, https:\/\/tambouren-ennetbuergen.ch\/wp-content\/uploads\/2018\/03\/PANO04-768x320.jpg 768w, https:\/\/tambouren-ennetbuergen.ch\/wp-content\/uploads\/2018\/03\/PANO04-1024x426.jpg 1024w\" sizes=\"(max-width: 1999px) 100vw, 1999px\" \/><\/a><\/p>\n<p>&nbsp;<\/p>\n<table style=\"width: 1000px;\">\n<tbody>\n<tr>\n<td style=\"width: 648px;\"><strong>Tambouren Ennetb\u00fcrgen<\/strong><br \/>\n6373 Ennetb\u00fcrgen<br \/>\n<a href=\"mailto:info@tambouren-ennetbuergen.ch\">info@tambouren-ennetbuergen.ch<\/a><\/td>\n<td style=\"width: 714px;\"><strong>M\u00f6chten Sie uns f\u00fcr einen Auftritt engagieren?<br \/>\n<\/strong>F\u00fcllen Sie einfach unser Anfrageformular mit allen Details aus.<br \/>\nWir melden uns umgehend bei Ihnen!<a href=\"http:\/\/tambouren-ennetbuergen.ch\/wp-content\/uploads\/2018\/03\/tambouren_kontaktformular.pdf\" target=\"_blank\" rel=\"noopener noreferrer\">&nbsp;&gt; Download Anfrageformular<\/a><\/td>\n<\/tr>\n<\/tbody>\n<\/table>\n<p>Sie k\u00f6nnen uns auch eine Mitteilung zukommen lassen. Wir setzen uns umgehend mit Ihnen in Verbindung!<\/p>\n<p>&nbsp;<\/p>\n\n<div class=\"wpcf7 no-js\" id=\"wpcf7-f258-o1\" lang=\"en-US\" dir=\"ltr\">\n<div class=\"screen-reader-response\"><p role=\"status\" aria-live=\"polite\" aria-atomic=\"true\"><\/p> <ul><\/ul><\/div>\n<form action=\"\/index.php?rest_route=%2Fwp%2Fv2%2Fpages%2F108#wpcf7-f258-o1\" method=\"post\" class=\"wpcf7-form init\" aria-label=\"Contact form\" novalidate=\"novalidate\" data-status=\"init\">\n<div style=\"display: none;\">\n<input type=\"hidden\" name=\"_wpcf7\" value=\"258\" \/>\n<input type=\"hidden\" name=\"_wpcf7_version\" value=\"5.8.2\" \/>\n<input type=\"hidden\" name=\"_wpcf7_locale\" value=\"en_US\" \/>\n<input type=\"hidden\" name=\"_wpcf7_unit_tag\" value=\"wpcf7-f258-o1\" \/>\n<input type=\"hidden\" name=\"_wpcf7_container_post\" value=\"0\" \/>\n<input type=\"hidden\" name=\"_wpcf7_posted_data_hash\" value=\"\" \/>\n<\/div>\n<p>Ihre Firma\/Verein (Pflichtfeld)\n<\/p>\n<p><span class=\"wpcf7-form-control-wrap\" data-name=\"your-name\"><input size=\"40\" class=\"wpcf7-form-control wpcf7-text wpcf7-validates-as-required\" aria-required=\"true\" aria-invalid=\"false\" value=\"\" type=\"text\" name=\"your-name\" \/><\/span>\n<\/p>\n<p>Ihr Name (Pflichtfeld)\n<\/p>\n<p><span class=\"wpcf7-form-control-wrap\" data-name=\"your-name\"><input size=\"40\" class=\"wpcf7-form-control wpcf7-text wpcf7-validates-as-required\" aria-required=\"true\" aria-invalid=\"false\" value=\"\" type=\"text\" name=\"your-name\" \/><\/span>\n<\/p>\n<p>Ihre E-Mail-Adresse (Pflichtfeld)\n<\/p>\n<p><span class=\"wpcf7-form-control-wrap\" data-name=\"your-email\"><input size=\"40\" class=\"wpcf7-form-control wpcf7-email wpcf7-validates-as-required wpcf7-text wpcf7-validates-as-email\" aria-required=\"true\" aria-invalid=\"false\" value=\"\" type=\"email\" name=\"your-email\" \/><\/span>\n<\/p>\n<p>Betreff\n<\/p>\n<p><span class=\"wpcf7-form-control-wrap\" data-name=\"your-subject\"><input size=\"40\" class=\"wpcf7-form-control wpcf7-text\" aria-invalid=\"false\" value=\"\" type=\"text\" name=\"your-subject\" \/><\/span>\n<\/p>\n<p>Ihre Nachricht\n<\/p>\n<p><span class=\"wpcf7-form-control-wrap\" data-name=\"your-message\"><textarea cols=\"40\" rows=\"10\" class=\"wpcf7-form-control wpcf7-textarea\" aria-invalid=\"false\" name=\"your-message\"><\/textarea><\/span>\n<\/p>\n<p><input class=\"wpcf7-form-control wpcf7-submit has-spinner\" type=\"submit\" value=\"Senden\" \/>\n<\/p><p style=\"display: none !important;\"><label>&#916;<textarea name=\"_wpcf7_ak_hp_textarea\" cols=\"45\" rows=\"8\" maxlength=\"100\"><\/textarea><\/label><input type=\"hidden\" id=\"ak_js_1\" name=\"_wpcf7_ak_js\" value=\"5\"\/><script>document.getElementById( \"ak_js_1\" ).setAttribute( \"value\", ( new Date() ).getTime() );<\/script><\/p><div class=\"wpcf7-response-output\" aria-hidden=\"true\"><\/div>\n<\/form>\n<\/div>\n\n","protected":false},"excerpt":{"rendered":"<p>&nbsp; Tambouren Ennetb\u00fcrgen 6373 Ennetb\u00fcrgen info@tambouren-ennetbuergen.ch M\u00f6chten Sie uns f\u00fcr einen Auftritt engagieren? F\u00fcllen Sie einfach unser Anfrageformular mit allen Details aus. Wir melden uns umgehend bei Ihnen!&nbsp;&gt; Download Anfrageformular Sie k\u00f6nnen uns auch eine Mitteilung zukommen lassen. Wir setzen uns umgehend mit Ihnen in Verbindung! &nbsp;<\/p>\n","protected":false},"author":2,"featured_media":0,"parent":0,"menu_order":9,"comment_status":"closed","ping_status":"closed","template":"","meta":{"site-sidebar-layout":"default","site-content-layout":"default","ast-global-header-display":"","ast-banner-title-visibility":"","ast-main-header-display":"","ast-hfb-above-header-display":"","ast-hfb-below-header-display":"","ast-hfb-mobile-header-display":"","site-post-title":"","ast-breadcrumbs-content":"","ast-featured-img":"","footer-sml-layout":"","theme-transparent-header-meta":"default","adv-header-id-meta":"2232","stick-header-meta":"default","header-above-stick-meta":"","header-main-stick-meta":"","header-below-stick-meta":"","ngg_post_thumbnail":0,"footnotes":""},"_links":{"self":[{"href":"https:\/\/tambouren-ennetbuergen.ch\/index.php?rest_route=\/wp\/v2\/pages\/108"}],"collection":[{"href":"https:\/\/tambouren-ennetbuergen.ch\/index.php?rest_route=\/wp\/v2\/pages"}],"about":[{"href":"https:\/\/tambouren-ennetbuergen.ch\/index.php?rest_route=\/wp\/v2\/types\/page"}],"author":[{"embeddable":true,"href":"https:\/\/tambouren-ennetbuergen.ch\/index.php?rest_route=\/wp\/v2\/users\/2"}],"replies":[{"embeddable":true,"href":"https:\/\/tambouren-ennetbuergen.ch\/index.php?rest_route=%2Fwp%2Fv2%2Fcomments&post=108"}],"version-history":[{"count":29,"href":"https:\/\/tambouren-ennetbuergen.ch\/index.php?rest_route=\/wp\/v2\/pages\/108\/revisions"}],"predecessor-version":[{"id":2364,"href":"https:\/\/tambouren-ennetbuergen.ch\/index.php?rest_route=\/wp\/v2\/pages\/108\/revisions\/2364"}],"wp:attachment":[{"href":"https:\/\/tambouren-ennetbuergen.ch\/index.php?rest_route=%2Fwp%2Fv2%2Fmedia&parent=108"}],"curies":[{"name":"wp","href":"https:\/\/api.w.org\/{rel}","templated":true}]}}